{"version":"1.0","provider_name":"Escola Tra\u00e7","provider_url":"https:\/\/www.escolatrac.com\/es\/","title":"INSTAL\u00b7LACI\u00d3 COL\u00b7LECTIVA PARTICIPATIVA PELS 50 ANYS. - Escola Tra\u00e7","type":"rich","width":600,"height":338,"html":"<blockquote class=\"wp-embedded-content\" data-secret=\"hxEUBTTa0o\"><a href=\"https:\/\/www.escolatrac.com\/es\/instal%c2%b7lacio-col%c2%b7lectiva-participativa-pels-50-anys\/\">INSTAL\u00b7LACI\u00d3 COL\u00b7LECTIVA PARTICIPATIVA PELS 50 ANYS.<\/a><\/blockquote><iframe sandbox=\"allow-scripts\" security=\"restricted\" src=\"https:\/\/www.escolatrac.com\/es\/instal%c2%b7lacio-col%c2%b7lectiva-participativa-pels-50-anys\/embed\/#?secret=hxEUBTTa0o\" width=\"600\" height=\"338\" title=\"\u00abINSTAL\u00b7LACI\u00d3 COL\u00b7LECTIVA PARTICIPATIVA PELS 50 ANYS.\u00bb \u2014 Escola Tra\u00e7\" data-secret=\"hxEUBTTa0o\" frameborder=\"0\" marginwidth=\"0\" marginheight=\"0\" scrolling=\"no\" class=\"wp-embedded-content\"><\/iframe><script type=\"text\/javascript\">\n\/* <![CDATA[ *\/\n\/*! This file is auto-generated *\/\n!function(d,l){\"use strict\";l.querySelector&&d.addEventListener&&\"undefined\"!=typeof URL&&(d.wp=d.wp||{},d.wp.receiveEmbedMessage||(d.wp.receiveEmbedMessage=function(e){var t=e.data;if((t||t.secret||t.message||t.value)&&!\/[^a-zA-Z0-9]\/.test(t.secret)){for(var s,r,n,a=l.querySelectorAll('iframe[data-secret=\"'+t.secret+'\"]'),o=l.querySelectorAll('blockquote[data-secret=\"'+t.secret+'\"]'),c=new RegExp(\"^https?:$\",\"i\"),i=0;i<o.length;i++)o[i].style.display=\"none\";for(i=0;i<a.length;i++)s=a[i],e.source===s.contentWindow&&(s.removeAttribute(\"style\"),\"height\"===t.message?(1e3<(r=parseInt(t.value,10))?r=1e3:~~r<200&&(r=200),s.height=r):\"link\"===t.message&&(r=new URL(s.getAttribute(\"src\")),n=new URL(t.value),c.test(n.protocol))&&n.host===r.host&&l.activeElement===s&&(d.top.location.href=t.value))}},d.addEventListener(\"message\",d.wp.receiveEmbedMessage,!1),l.addEventListener(\"DOMContentLoaded\",function(){for(var e,t,s=l.querySelectorAll(\"iframe.wp-embedded-content\"),r=0;r<s.length;r++)(t=(e=s[r]).getAttribute(\"data-secret\"))||(t=Math.random().toString(36).substring(2,12),e.src+=\"#?secret=\"+t,e.setAttribute(\"data-secret\",t)),e.contentWindow.postMessage({message:\"ready\",secret:t},\"*\")},!1)))}(window,document);\n\/\/# sourceURL=https:\/\/www.escolatrac.com\/wp-includes\/js\/wp-embed.min.js\n\/* ]]> *\/\n<\/script>\n","thumbnail_url":"https:\/\/www.escolatrac.com\/wp-content\/uploads\/2025\/03\/collectiva_web.jpg","thumbnail_width":1200,"thumbnail_height":870,"description":"50 anys de Tra\u00e7 \u00e9s una celebraci\u00f3 especial. S\u00f3n un c\u00famul de molts petits i grans moments viscuts i d&#8217;experi\u00e8ncies compartides. Volem copsar-ho en una instal\u00b7laci\u00f3 art\u00edstica col\u00b7lectiva on tothom pugui participar. Us demanem que, sobre el suport que us donem, plasmeu el que representi el Tra\u00e7 per vosaltres, una imatge, una paraula, una sensaci\u00f3, &hellip; Continued"}

Escola Traç

INSTAL·LACIÓ COL·LECTIVA PARTICIPATIVA PELS 50 ANYS. - Escola Traç

<blockquote class="wp-embedded-content" data-secret="hxEUBTTa0o"><a href="https://www.escolatrac.com/es/instal%c2%b7lacio-col%c2%b7lectiva-participativa-pels-50-anys/">INSTAL·LACIÓ COL·LECTIVA PARTICIPATIVA PELS 50 ANYS.</a></blockquote><iframe sandbox="allow-scripts" security="restricted" src="https://www.escolatrac.com/es/instal%c2%b7lacio-col%c2%b7lectiva-participativa-pels-50-anys/embed/#?secret=hxEUBTTa0o" width="600" height="338" title="«INSTAL·LACIÓ COL·LECTIVA PARTICIPATIVA PELS 50 ANYS.» — Escola Traç" data-secret="hxEUBTTa0o" frameborder="0" marginwidth="0" marginheight="0" scrolling="no" class="wp-embedded-content"></iframe><script type="text/javascript">
/* <![CDATA[ */
/*! This file is auto-generated */
!function(d,l){"use strict";l.querySelector&&d.addEventListener&&"undefined"!=typeof URL&&(d.wp=d.wp||{},d.wp.receiveEmbedMessage||(d.wp.receiveEmbedMessage=function(e){var t=e.data;if((t||t.secret||t.message||t.value)&&!/[^a-zA-Z0-9]/.test(t.secret)){for(var s,r,n,a=l.querySelectorAll('iframe[data-secret="'+t.secret+'"]'),o=l.querySelectorAll('blockquote[data-secret="'+t.secret+'"]'),c=new RegExp("^https?:$","i"),i=0;i<o.length;i++)o[i].style.display="none";for(i=0;i<a.length;i++)s=a[i],e.source===s.contentWindow&&(s.removeAttribute("style"),"height"===t.message?(1e3<(r=parseInt(t.value,10))?r=1e3:~~r<200&&(r=200),s.height=r):"link"===t.message&&(r=new URL(s.getAttribute("src")),n=new URL(t.value),c.test(n.protocol))&&n.host===r.host&&l.activeElement===s&&(d.top.location.href=t.value))}},d.addEventListener("message",d.wp.receiveEmbedMessage,!1),l.addEventListener("DOMContentLoaded",function(){for(var e,t,s=l.querySelectorAll("iframe.wp-embedded-content"),r=0;r<s.length;r++)(t=(e=s[r]).getAttribute("data-secret"))||(t=Math.random().toString(36).substring(2,12),e.src+="#?secret="+t,e.setAttribute("data-secret",t)),e.contentWindow.postMessage({message:"ready",secret:t},"*")},!1)))}(window,document);
//# sourceURL=https://www.escolatrac.com/wp-includes/js/wp-embed.min.js
/* ]]> */
</script>

50 anys de Traç és una celebració especial. Són un cúmul de molts petits i grans moments viscuts i d&#8217;experiències compartides. Volem copsar-ho en una instal·lació artística col·lectiva on tothom pugui participar. Us demanem que, sobre el suport que us donem, plasmeu el que representi el Traç per vosaltres, una imatge, una paraula, una sensació, &hellip; Continued
